tens digit of (8/6 + -1)/(18/30510)?
6
Suppose 20*x = 35010 + 8750. What is the thousands digit of x?
2
Suppose -4 = -3*j + 2. Suppose -5*l + j*l = 0. What is the tens digit of 22*(l + 4)/2?
4
Let c = 13 - 11. Let d(i) = 11*i**3 - i**2 - i - 1. Let q be d(c). Suppose 0 = -5*f + 2*b + 135, 3*b + 2*b = -3*f + q. What is the tens digit of f?
2
Let h = -219 + 319. Let z = -56 + h. Let y = 64 - z. What is the tens digit of y?
2
Let s(g) = 2*g - 22. Let h(v) = 7*v - 65. Let p(m) = -3*h(m) + 8*s(m). Let b(k) = 1. Let f(u) = 6*b(u) - p(u). What is the units digit of f(8)?
7
Suppose -4*w + 23 = 3*x, -w + 3*x - 13 = -0*w. Suppose w*b = 6*b - 208. What is the tens digit of b?
5
Suppose 5*t - j + 4 = 0, -3 + 15 = -t + 3*j. Suppose -w + 5*g + 88 = t, 2*w = w + 2*g + 73. What is the tens digit of w?
6
Let k(c) = -2*c**2 - 9*c - 3. Let o be k(-3). Suppose -4*x - 5*i = 17, -4*x - i + 0 = -3. Let g = o + x. What is the units digit of g?
8
Suppose -4*s + 5*o = -2537 + 300, -2*s - 2*o = -1114. What is the tens digit of s?
5
Suppose 414 = -12*v + 15*v. What is the units digit of v?
8
Let d(a) = -7*a. Let p(r) = r. Let y(i) = 6*d(i) + 49*p(i). Suppose 0 = 4*u - 4, 0*z - z + 3*u = 1. What is the units digit of y(z)?
4
Suppose -3*w - 20 = 3*l - 5*l, l = -w. Let i(k) = -1. Let d(p) = -3*p + 5. Let u(t) = d(t) + 5*i(t). What is the tens digit of u(w)?
1
Suppose v = -0 + 2. Let d = -46 + 104. Suppose -4*o - 32 = -2*j + 2, v*o = -4*j + d. What is the units digit of j?
5
Let v(d) = -3*d + 1. Let a be v(-4). Let g(z) = 2*z**2 - 10*z + 11. Let q(f) = f**2 - 4*f + 5. Let r(s) = 3*g(s) - 5*q(s). What is the units digit of r(a)?
7
Let u(v) = v - 5. Let r be u(-9). Let a(y) = 2*y + 29. Let b be a(r). Let c = b + 50. What is the tens digit of c?
5
Let w(l) = -11*l**3 - 2*l**2 - 1. Let g be w(-2). What is the tens digit of 6/12 - (g/(-2) + -1)?
4
What is the hundreds digit of (0 + 1/(-2))/((-23)/39192)?
8
Let q = -6262 + 8884. What is the units digit of q?
2
Let d be (4 - 7) + (-56)/1. Let i = -34 - d. Let l = i + -18. What is the units digit of l?
7
Suppose 39*h = -5*g + 38*h + 7260, 3*g - 2*h - 4369 = 0. What is the units digit of g?
3
Let m(r) = 29*r**2 + 8*r + 3. What is the hundreds digit of m(-3)?
2
Let v(n) = -n**3 - 5*n**2 - 4*n. Let a be v(-4). Suppose a = -82*h + 77*h + 1325. What is the hundreds digit of h?
2
Suppose -2214 = -4*i - 2*i. Suppose 2*o + p - 154 = 0, i = 4*o + 3*p + 59. What is the units digit of o?
6
Let g(b) = -3*b + 10. Suppose -4 - 4 = -2*m. Suppose m*r + 4*i + 4 = -8, 0 = -2*r - i - 10. What is the tens digit of g(r)?
3
Suppose -12 = w + 3*w. Let a be 3/9 + 181/w. Let r = -39 - a. What is the tens digit of r?
2
Suppose h - 7066 = -2*k, 3*h + h + 7046 = 2*k. What is the tens digit of k?
3
Let y be (-4)/(-7)*(-70)/(-20). Suppose 5*f = 3*t + 50, -2*f - y*t + 8 = -12. What is the tens digit of f?
1
Let q(f) = -7*f**3 - 5*f**2. What is the hundreds digit of q(-5)?
7
Let d be (-10)/(-4)*(-24)/(-15). Let x(t) = t. Let p be x(d). What is the units digit of 10 + p*(-3)/(-6)?
2
What is the units digit of (-42)/315 + 3*26466/135?
8
Suppose 12 = 6*k - 0. Suppose -3*v + 4*y + 35 = -k*v, 0 = 2*v - 5*y - 58. What is the units digit of v?
9
Let u(d) = 3*d - 19. Let n be u(3). Let g(m) = -15*m + 14. What is the tens digit of g(n)?
6
What is the units digit of (2 + (-172)/(-16))*688/12?
1
Let v be (2 + -8 - -4) + 17. What is the tens digit of (44/20 - 1)*v?
1
Suppose 5*l - 5 + 0 = 0, -3*g = -4*l + 532. Let c = -120 - g. Suppose 5*q = 2*q - y + c, -2*y + 32 = 2*q. What is the units digit of q?
0
Let n = 611 + 303. What is the hundreds digit of n?
9
Suppose -112 = 6*d - 2*d. Let n = d + 31. Suppose 0 = n*f - 30 - 75. What is the units digit of f?
5
Suppose 0 = 16*k - 49 + 17. Let t(j) = j**2 + 3*j - 6. Let u be t(-5). Suppose k*v - 15 = n - 2*n, -u*v + 21 = -n. What is the units digit of v?
6
Let s = 66 + -11. What is the hundreds digit of s/(-11) - (-122 + -2)?
1
Suppose -6970 = -36*z + 31*z. What is the tens digit of z?
9
What is the tens digit of ((-1764)/(-15))/((-60)/(-150))?
9
Let p = 1451 + -378. What is the tens digit of p?
7
Let a be (-2)/6 - 848/(-6). Suppose 38 + 154 = -2*u. Let r = a + u. What is the units digit of r?
5
Let b be 12/(-9)*(-105)/28. Suppose 5*z - 596 - 304 = -4*a, 1092 = b*a - 2*z. What is the hundreds digit of a?
2
Let t = -47 + 354. Suppose -5*s + 4*b + 438 = -t, 5*s = b + 760. What is the tens digit of s?
5
Let j = -198 + 359. Let r = j - 113. What is the units digit of r?
8
Let a(c) = -5605*c + 13. What is the thousands digit of a(-1)?
5
Suppose 2*n + 2*t - 82 = 0, 5*n - 211 = -3*t - 0*t. What is the units digit of n?
4
Let h = 725 + 181. What is the tens digit of h?
0
Let v = 14 + -5. Suppose 5*n - v = -j + 5*j, 5*j + 2*n = 30. What is the units digit of j?
4
Suppose 9*p - 1190 = 4*p + 4*w, 5*p = -w + 1165. What is the hundreds digit of p?
2
Let q = 4 - 1. Suppose -q*n - 2*c + 219 = 0, 4*n = -c - c + 292. What is the tens digit of n?
7
Suppose -a = x + 7 - 2, -4*a + x = 30. Let c(t) = 3*t**2 + 10*t + 1. What is the units digit of c(a)?
8
Suppose x - 3*g + 22 = -g, 2*g + 86 = -5*x. What is the units digit of (-3)/(x/10*(-12)/(-180))?
5
Let f(y) = y**3 - 6*y**2 + 7*y - 1. Let t be f(5). Suppose 4*p - 2*o = 3*p + 10, p - 20 = -3*o. Let g = t + p. What is the tens digit of g?
2
Let b(u) = 60*u + 215. What is the tens digit of b(24)?
5
Let u(r) be the third derivative of -r**6/120 - 2*r**5/15 - r**4/6 - 2*r**3 + 25*r**2. Let b(h) = 2*h. Let s be b(-4). What is the units digit of u(s)?
0
Suppose -4*r - 504 = -10*r. Suppose -13 - r = -m. Let h = m + -69. What is the tens digit of h?
2
What is the tens digit of ((-1356)/7)/(142/(-497))?
7
Suppose 21 = a - 47. Let y = a + -38. What is the tens digit of y?
3
Let x(i) = i**3 - 14*i**2 + 12*i + 24. Let p be x(13). Suppose 428 - 2078 = -p*b. What is the hundreds digit of b?
1
Let p(k) = 12*k**2 + 31*k + 8. What is the hundreds digit of p(6)?
6
Let o(p) = -p**3 - 8*p**2 + 4*p + 3. Let l be o(-7). What is the units digit of l/(-12) - 12/72?
6
What is the hundreds digit of 485/2*(-62)/(-31)?
4
Let q = -18 + 17. Let x be (-15)/(-1)*q/(-3). Suppose -x*u - 26 + 191 = 0. What is the tens digit of u?
3
Let c(m) = 6*m**2 + 41*m + 377. What is the tens digit of c(-9)?
9
Let y(l) = -3*l**2 - 14*l - 4. Let a be y(-12). Let h be (a/20)/(2/(-10)). Let b = -44 + h. What is the units digit of b?
3
Let d be (-2 - -2)/1*1 - 86. Let k = d - -122. What is the tens digit of k?
3
What is the units digit of (150/35)/(20/70)?
5
Let m = -6 - -18. What is the tens digit of 57/(-4 + 57/m)?
7
Let m be (-1091)/(-11) - 20/110. Suppose 18*h + m = 21*h. Suppose 3*p + 0*p = h. What is the tens digit of p?
1
Let f = 37 + -37. Suppose -2*p + 142 = -f*p. What is the tens digit of p?
7
Let r = -466 - -1204. What is the units digit of r?
8
Let j(r) = -r + 9. Let y = -7 + 14. What is the units digit of j(y)?
2
Suppose -3*i + 2*m + 1780 = 0, -2*m - 2440 - 528 = -5*i. What is the units digit of i?
4
Let u = -70 + 168. Suppose z + 4 = 3*s - 60, 4*s - u = -5*z. What is the tens digit of s?
2
Suppose -5*a + 57 = -u, -2*a + 6*u - 3*u + 15 = 0. Let m be 212/a*(-6)/(-2). Let z = 82 - m. What is the tens digit of z?
2
What is the units digit of (-13 - -9) + 3*(2 + 229)?
9
Let w = 149 + -84. Suppose 4*u - w = 3*h, -u = -0*h - 5*h - 12. Let t(y) = y**2 - 18*y + 24. What is the units digit of t(u)?
7
Let m(i) = -2*i**3 + 2*i**2 + 2. Let f = -7 - -5. What is the units digit of m(f)?
6
Let k(m) = 319*m**2 - 3*m - 3. What is the units digit of k(2)?
7
Suppose 15801 - 4986 = 3*d. What is the units digit of d?
5
Let p = 78 - 8. Suppose 10 = 4*f - p. What is the tens digit of f?
2
Suppose i - 68 = -w, 2*i + 312 = 2*w + 3*w. Suppose 0*d - 4*d + w = 0. Let h = d + 3. What is the tens digit of h?
1
Let g(c) = -c**2 + c + 15. Let h be g(8). Let w = -22 - h. What is the tens digit of w?
1
Let f = 5 + 0. Suppose 0 = -f*n + 2*p + 198, 4*n - 189 + 25 = -4*p. What is the units digit of n?
0
Let l(h) = -14*h + 31. Let y(p) = 9*p - 21. Let d(i) = -5*l(i) - 8*y(i). Let j be d(-6). Let r = j - 23. What is the units digit of r?
2
Let w(i) = 4*i**2 + 7*i + 12. Let x be w(-7). Suppose -x = 4*u - 7*u. What is the tens digit of u?
5
Let z(m) be the second derivative of 